se -12728*b - 5*a + 116 = -12726*b, 0 = 4*b + a - 142. Let d = 3065 + -1844. What is the highest common divisor of b and d?
33
Let w = 204 - 199. Suppose -3*f + 13 = 4*a - 25, 45 = w*f + 3*a. Calculate the highest common factor of f and 138.
6
Suppose 2*o + 3*p - 4 - 8 = 0, -5*o - 2*p = -52. Let t be -1 + 1 + (o - -6). Suppose 2*i = 8 + 10. What is the highest common factor of t and i?
9
Suppose 0 = -262*p + 3980 + 7036 - 2370. Let l(y) = -16*y + 2. Let o be l(-4). Calculate the greatest common factor of p and o.
33
Suppose -3*w + 2*y = -5*w + 64, 2*w - y - 58 = 0. Calculate the highest common divisor of w and 6.
6
Suppose 26*u - 28*u - 476 = 0. Let a = -232 - u. Let y = -13 + 19. What is the highest common factor of y and a?
6
Let r be 0 + -6 + 1/(-4)*(20 + -48). Calculate the greatest common factor of 251 and r.
1
Let f be -3 - (-2 - -5) - 222. Let u be (-28)/98 - (f/14 + 1). Calculate the greatest common factor of u and 25.
5
Suppose -3*k = -8 - 19. Let l be ((-9)/4)/(k/(-48)). What is the highest common divisor of 216 and l?
12
Let d(r) = -24*r - 594. Let w be d(-32). Let a(z) = -z**3 - 13*z**2 + 22*z - 4. Let c be a(-15). Calculate the highest common divisor of c and w.
58
Let l(i) = -2*i**3 - 7*i**2 + 4*i + 4. Let r be l(-4). Suppose -b + 5*g - 3 = -7, -2*g = r*b - 104. Calculate the greatest common factor of 132 and b.
12
Suppose 92 = u - 6*v + 2*v, 5*u - 508 = 4*v. Let q = 2432 + -1080. What is the greatest common divisor of q and u?
104
Let i(g) = g**2 - 16. Let n be i(8). Let b be (2/(-8) - n/64) + 12. Calculate the greatest common divisor of 2 and b.
1
Let c = -6141 - -6221. Calculate the highest common divisor of 125 and c.
5
Suppose -4*j - 3332 = -5*i + 2633, 4*j + i = -5935. Let v = -1016 - j. Calculate the greatest common factor of v and 67.
67
Let d be (-1844)/(-22) - (-10)/55. Let o be (-144)/(-14) - 24/d. Let g be (o/(-15))/((-4)/24). What is the highest common divisor of g and 8?
4
Let r = -2140 + 3648. Calculate the greatest common divisor of r and 130.
26
Let n(a) = 58*a - 3695. Let y be n(71). Calculate the greatest common divisor of y and 1175.
47
Suppose -5*g = 4*v + 516, 45 = g - 5*v + 125. Let d = g - -117. What is the greatest common divisor of 187 and d?
17
Suppose 229*u - 233*u + 4*k + 880 = 0, 3*u - 628 = -5*k. What is the greatest common factor of 336 and u?
24
Suppose 3*k = -p + 364, 2*p + 441 = 5*k - 151. What is the greatest common factor of 375 and k?
15
Let t(y) = -105*y**3 + 2*y + 1. Let h be t(-1). Suppose 2022*s - 8026 = 2002*s - 2826. What is the greatest common factor of s and h?
52
Suppose -11*w - 6176 = -16*w - 4*s, 2*w - 2498 = 3*s. What is the highest common factor of w and 920?
40
Let c = -15939 + 17882. What is the greatest common factor of 261 and c?
29
Let g be (-4)/(-8) + (-882)/4. Let n = g + 312. Let y = n - 60. Calculate the highest common divisor of y and 4.
4
Suppose -4*i - 3*r = -47, -3*r + 8*r + 85 = 5*i. Let b be -7 - -51 - (-1 + 3). Suppose 2*p = p + b. Calculate the greatest common divisor of i and p.
14
Suppose -32*i = -7484 - 8379 + 6135. Calculate the greatest common factor of i and 1501.
19
Let t = -24 + -313. Let m = 472 + t. Let w = m - 111. Calculate the highest common factor of 36 and w.
12
Suppose 962*h - 967*h = -3*u + 4624, 0 = -h - 5. Calculate the highest common factor of u and 35.
7
Let h = -58 - -166. Suppose 123*j = 125*j - h. What is the greatest common divisor of 18 and j?
18
Let t(i) = 56*i + 49. Let s be t(15). Let k = -394 + s. Suppose 3*a = 3*p + k, 3*a = -0*a - 3*p + 513. What is the highest common factor of 24 and a?
24
Let k(o) = 205*o**3 - 3*o + 2. Let f be k(1). Let d(z) = -13*z - 46. Let j be d(-14). Calculate the highest common divisor of j and f.
68
Let v be (-9)/((-180)/(-8))*(0 + 5). Let n be 3580/(-30) + 2/(-12)*v. Let w = n + 181. Calculate the greatest common divisor of 93 and w.
31
Let m be (-35*11/(-220))/(3/144). Suppose 5 = 3*x + 3*j + 17, 2*j = 5*x + 6. Let l be 8/x + m + 4. Calculate the greatest common divisor of 126 and l.
42
Let b be 8/(-3*1/(-3)). Let h = -1325 - -1349. Let q be ((-6)/b)/((-9)/h). What is the greatest common divisor of 1 and q?
1
Let k be (((-2)/(-8))/((-2)/(-40)))/(2/202). Calculate the greatest common divisor of k and 10.
5
Suppose a - 2*a + 753 = 513. Calculate the highest common divisor of a and 285.
15
Let t be 14/7 + 2 - 22*(3 - 56). What is the greatest common divisor of t and 702?
234
Let h(w) = -w + 30. Let m be h(20). Let p = 179 - -131. What is the greatest common divisor of m and p?
10
Suppose 316 = 9*k - 5*k. Suppose s - 41 = k. What is the highest common factor of 48 and s?
24
Suppose -47 + 10 = -4*i + 5*m, 5*m = -25. Suppose i*v + 3 = 4*v. Suppose 28 = -3*k + 4*x + 99, 5*k + 3*x = 99. What is the greatest common factor of k and v?
3
Let y = -11 + 3. Let f = 13 + y. Let p = -2071 - -2096. What is the highest common factor of p and f?
5
Suppose -t + 2*s = -1723 + 391, -5*t = -s - 6606. Calculate the highest common divisor of 180 and t.
60
Let x(t) = t + 18 - 7 + 3 + 15. Let s be 420/(-80)*16/(-6). Let g be x(s). Calculate the highest common divisor of 86 and g.
43
Let d be (-3)/8*(3 - 11). Suppose 0 = -d*u - 4*s + 64 + 64, -20 = 5*s. Calculate the highest common factor of u and 816.
48
Let a be -6*(-3)/6 + 2. Suppose -3*j = -4*b + 315, a*j + 400 = 4*b + b. Calculate the highest common divisor of b and 50.
25
Suppose 0 = -5*q - 4*x - 171 + 1195, 4*x = -4*q + 820. Let j(t) = t**2 + 8*t + 63. Let w be j(-6). Calculate the greatest common factor of w and q.
51
Let n = 57 - 6. Let k = n + 9. What is the highest common divisor of 15 and k?
15
Suppose -3*d = -7*d - 24. Let i be d/8 - (69/4)/(-3). Suppose 5*z - 57 = w - 5*w, -3*z = i*w - 42. Calculate the greatest common factor of 63 and z.
9
Let k be ((-2)/(-1) - (0 + -13)) + -8. Let q be (-6)/18 - (-464)/6. Calculate the greatest common factor of q and k.
7
Let t(l) = 2*l**2 - 19*l + 17. Let c(o) = 2*o**2 - 17*o + 18. Let g(b) = 5*c(b) - 6*t(b). Let n be g(12). What is the greatest common divisor of 60 and n?
12
Suppose -4*t - 19 = -3*d, -67*t = -4*d - 72*t - 16. What is the greatest common factor of 101 and d?
1
Suppose 103*j = 113*j - 480. What is the greatest common factor of j and 1296?
48
Let c = 10859 + -10812. Calculate the highest common factor of c and 21667.
47
Let w be ((-27)/(-15)*375/(-150))/(3/(-440)). What is the highest common factor of w and 1155?
165
Let j be 9/((-72)/(-40)) + -4. Let n be -6 + j*(2 + 22). What is the greatest common factor of 27 and n?
9
Let q = -1932 - -1956. Calculate the highest common factor of q and 2412.
12
Let u(l) = 699*l**3 - l**2. Let b be u(-1). Suppose 34334 = 6*q + 34*q - 11666. Let w = q + b. Calculate the highest common divisor of 50 and w.
50
Let w be 2/6*0/(5 + -1). Suppose w = 4*p - 3*b + 4*b - 434, -3*p + b + 322 = 0. Suppose m - p + 36 = 0. Calculate the highest common divisor of m and 24.
24
Suppose 131*l = 149*l - 94824. What is the highest common factor of l and 12?
12
Let t be 6 - ((-2)/(-16)*8)/(2/(-58)). What is the greatest common divisor of 1981 and t?
7
Let o be (2 - 138) + (-12 - -15). Let t = o - -145. Suppose 0 = a - 2*a + 84. Calculate the greatest common divisor of t and a.
12
Suppose 3*p - 58 = -7. Suppose -2*o = p*o - 608. What is the greatest common factor of 12 and o?
4
Suppose -5*y = -5*t - 220, 34*t = 3*y + 35*t - 124. What is the greatest common factor of y and 636?
6
Let m = 6 + 0. Let c(h) = h**2 + 4*h - 12. Let r be c(m). Let o = r + -38. What is the highest common divisor of 25 and o?
5
Let h(k) = 7*k**2 + 37*k + 210. Let o be h(-4). What is the highest common factor of o and 120?
6
Let r = -87 - -195. Suppose 0 = -2*a - 253 + 261. Calculate the highest common divisor of a and r.
4
Let b = -1849 - -1871. Let n be 2/(-1 + (-110)/(-106)). Suppose -2*t + 50 = q - 21, -t - 4*q = -n. Calculate the highest common factor of t and b.
11
Suppose 106 + 24 = 10*r. Suppose -29 + 81 = r*b. Calculate the highest common factor of b and 188.
4
Let u be ((-8)/3)/((-4)/210). Let l be ((-105)/(-18) - (-12)/(-9))*(-5040)/(-216). What is the highest common divisor of l and u?
35
Suppose 0 = -4*h + 4*b + 3224, 10*h + 4*b + 7244 = 19*h. Calculate the greatest common factor of h and 4556.
268
Let g be (1 +